{"id":248,"date":"2013-07-29T17:30:27","date_gmt":"2013-07-29T15:30:27","guid":{"rendered":"http:\/\/blog.5vorflug.de\/?page_id=248"},"modified":"2019-08-05T13:03:29","modified_gmt":"2019-08-05T11:03:29","slug":"familienurlaub","status":"publish","type":"page","link":"https:\/\/www.5vorflug.de\/blog\/rund-um\/familienurlaub\/","title":{"rendered":"Reisen mit Kindern"},"content":{"rendered":"<p>Ihr wollt als Familie in den Urlaub fahren und euren Kindern einen tollen Urlaub bieten? Wir verraten euch n\u00fctzliche Tipps und die sch\u00f6nsten Ausfl\u00fcge f\u00fcr Familien in eurem Urlaubsland.<\/p>\n","protected":false},"excerpt":{"rendered":"<p>Ihr wollt als Familie in den Urlaub fahren und euren Kindern einen tollen Urlaub bieten? Wir verraten euch n\u00fctzliche Tipps und die sch\u00f6nsten Ausfl\u00fcge f\u00fcr Familien in eurem Urlaubsland.<\/p>\n","protected":false},"author":58,"featured_media":0,"parent":49,"menu_order":0,"comment_status":"open","ping_status":"open","template":"template-blog.php","meta":{"ngg_post_thumbnail":0},"aioseo_notices":[],"_links":{"self":[{"href":"https:\/\/www.5vorflug.de\/blog\/wp-json\/wp\/v2\/pages\/248"}],"collection":[{"href":"https:\/\/www.5vorflug.de\/blog\/wp-json\/wp\/v2\/pages"}],"about":[{"href":"https:\/\/www.5vorflug.de\/blog\/wp-json\/wp\/v2\/types\/page"}],"author":[{"embeddable":true,"href":"https:\/\/www.5vorflug.de\/blog\/wp-json\/wp\/v2\/users\/58"}],"replies":[{"embeddable":true,"href":"https:\/\/www.5vorflug.de\/blog\/wp-json\/wp\/v2\/comments?post=248"}],"version-history":[{"count":7,"href":"https:\/\/www.5vorflug.de\/blog\/wp-json\/wp\/v2\/pages\/248\/revisions"}],"predecessor-version":[{"id":18147,"href":"https:\/\/www.5vorflug.de\/blog\/wp-json\/wp\/v2\/pages\/248\/revisions\/18147"}],"up":[{"embeddable":true,"href":"https:\/\/www.5vorflug.de\/blog\/wp-json\/wp\/v2\/pages\/49"}],"wp:attachment":[{"href":"https:\/\/www.5vorflug.de\/blog\/wp-json\/wp\/v2\/media?parent=248"}],"curies":[{"name":"wp","href":"https:\/\/api.w.org\/{rel}","templated":true}]}}