{"id":18,"date":"2013-07-25T13:43:42","date_gmt":"2013-07-25T11:43:42","guid":{"rendered":"http:\/\/blog.5vorflug.de\/?page_id=18"},"modified":"2021-05-07T12:29:29","modified_gmt":"2021-05-07T10:29:29","slug":"kontakt","status":"publish","type":"page","link":"https:\/\/www.5vorflug.de\/blog\/kontakt\/","title":{"rendered":"Kontakt"},"content":{"rendered":"<p><strong>Wir freuen uns auf Eure Fragen, Anregungen und Ideen:<\/strong><\/p>\n<p>F\u00fcr alle Informationen, die mit einer bereits get\u00e4tigten Reise oder mit einer Buchungsanfrage in Zusammenhang stehen, kontaktiert bitte unsere Service Hotline unter:<\/p>\n<p>Aus Deutschland:&nbsp; 089 &#8211; 71045 4109<br \/>\nAus \u00d6sterreich:&nbsp; &nbsp; +43 720 \/ 204 093 (0,15 \u20ac \/ Min. aus dem Festnetz, Mobilfunkpreise providerabh\u00e4ngig)<\/p>\n<p>T\u00e4glich 08.00 Uhr bis 23.00 Uhr (inkl. Sonn- und Feiertage)<\/p>\n<p>Oder nutzt&nbsp;unsere &nbsp;<a href=\"https:\/\/www.5vorflug.de\/kontakt-feedback.html\" target=\"_blank\" rel=\"noopener\">Kontaktformulare&nbsp;auf der Website<\/a>.<\/p>\n<p><strong>Fragen zum 5vorFlug Reiseblog:<\/strong><\/p>\n<p>Wir lieben Urlaub und deshalb soll Euch der 5vorFlug Reiseblog interessante und n\u00fctzliche Informationen zu Eurem n\u00e4chsten Urlaub geben. Wir m\u00f6chten Reiseberichte und Erfahrungen teilen, aktuelle und wichtige Informationen bereitstellen, damit Ihr eine sorglos sch\u00f6ne Urlaubsreise genie\u00dfen k\u00f6nnt. Falls Ihr uns einen Reisebericht mit sch\u00f6nen Fotos senden m\u00f6chtet, Fragen, Anregungen oder Ideen habt, freuen wir uns \u00fcber eine E-Mail von Euch: facebook(@)5vorflug.de<\/p>\n","protected":false},"excerpt":{"rendered":"<p>Wir freuen uns auf Eure Fragen, Anregungen und Ideen: F\u00fcr alle Informationen, die mit einer bereits get\u00e4tigten Reise oder mit einer Buchungsanfrage in Zusammenhang stehen, kontaktiert bitte unsere Service Hotline unter: Aus Deutschland:&nbsp; 089 &#8211; 71045 4109 Aus \u00d6sterreich:&nbsp; &nbsp; +43 720 \/ 204 093 (0,15 \u20ac \/ Min. aus dem Festnetz, Mobilfunkpreise providerabh\u00e4ngig) T\u00e4glich &#8230;<\/p>\n","protected":false},"author":58,"featured_media":0,"parent":0,"menu_order":0,"comment_status":"closed","ping_status":"closed","template":"","meta":{"ngg_post_thumbnail":0},"aioseo_notices":[],"_links":{"self":[{"href":"https:\/\/www.5vorflug.de\/blog\/wp-json\/wp\/v2\/pages\/18"}],"collection":[{"href":"https:\/\/www.5vorflug.de\/blog\/wp-json\/wp\/v2\/pages"}],"about":[{"href":"https:\/\/www.5vorflug.de\/blog\/wp-json\/wp\/v2\/types\/page"}],"author":[{"embeddable":true,"href":"https:\/\/www.5vorflug.de\/blog\/wp-json\/wp\/v2\/users\/58"}],"replies":[{"embeddable":true,"href":"https:\/\/www.5vorflug.de\/blog\/wp-json\/wp\/v2\/comments?post=18"}],"version-history":[{"count":11,"href":"https:\/\/www.5vorflug.de\/blog\/wp-json\/wp\/v2\/pages\/18\/revisions"}],"predecessor-version":[{"id":22472,"href":"https:\/\/www.5vorflug.de\/blog\/wp-json\/wp\/v2\/pages\/18\/revisions\/22472"}],"wp:attachment":[{"href":"https:\/\/www.5vorflug.de\/blog\/wp-json\/wp\/v2\/media?parent=18"}],"curies":[{"name":"wp","href":"https:\/\/api.w.org\/{rel}","templated":true}]}}